{"id":640,"date":"2023-11-09T11:47:22","date_gmt":"2023-11-09T11:47:22","guid":{"rendered":"https:\/\/www.lerom.ch\/?page_id=640"},"modified":"2023-11-09T13:54:50","modified_gmt":"2023-11-09T13:54:50","slug":"team","status":"publish","type":"page","link":"https:\/\/www.lerom.ch\/index.php\/team\/","title":{"rendered":"Team"},"content":{"rendered":"\n<div class=\"wp-block-group alignfull has-global-padding is-layout-constrained wp-container-core-group-is-layout-669513ed wp-block-group-is-layout-constrained\" style=\"margin-top:0;margin-bottom:0;padding-top:var(--wp--preset--spacing--50);padding-right:var(--wp--preset--spacing--50);padding-bottom:var(--wp--preset--spacing--50);padding-left:var(--wp--preset--spacing--50)\">\n<div class=\"wp-block-group is-vertical is-content-justification-center is-layout-flex wp-container-core-group-is-layout-ce155fab wp-block-group-is-layout-flex\">\n<h2 class=\"wp-block-heading has-text-align-center has-xx-large-font-size\">Lernen Sie unser Team kennen<\/h2>\n\n\n\n<p class=\"has-text-align-center\">Die Lerom Liegenschaften AG ist ein kleines, familiengef\u00fchrtes KMU in der Ostschweiz mit Sitz in 9327 T\u00fcbach. <\/p>\n<\/div>\n\n\n\n<div style=\"height:var(--wp--preset--spacing--30)\" aria-hidden=\"true\" class=\"wp-block-spacer\"><\/div>\n\n\n\n<div class=\"wp-block-columns alignwide is-layout-flex wp-container-core-columns-is-layout-4935966c wp-block-columns-is-layout-flex\" style=\"padding-right:0;padding-left:0\">\n<div class=\"wp-block-column is-layout-flow wp-block-column-is-layout-flow\">\n<figure class=\"wp-block-image aligncenter size-full is-resized is-style-rounded is-style-rounded--1\"><img loading=\"lazy\" decoding=\"async\" width=\"761\" height=\"900\" src=\"https:\/\/www.lerom.ch\/wp-content\/uploads\/2020\/04\/Dimitry_Schneider.jpg\" alt=\"\" class=\"wp-image-468\" style=\"aspect-ratio:1;object-fit:cover;width:400px\" srcset=\"https:\/\/www.lerom.ch\/wp-content\/uploads\/2020\/04\/Dimitry_Schneider.jpg 761w, https:\/\/www.lerom.ch\/wp-content\/uploads\/2020\/04\/Dimitry_Schneider-254x300.jpg 254w\" sizes=\"auto, (max-width: 761px) 100vw, 761px\" \/><\/figure>\n\n\n\n<div class=\"wp-block-group is-vertical is-content-justification-center is-nowrap is-layout-flex wp-container-core-group-is-layout-21d4e958 wp-block-group-is-layout-flex\">\n<p class=\"has-text-align-center has-small-font-size\"> <strong>Dimitry Schneider<\/strong> <\/p>\n\n\n\n<p class=\"has-text-align-center has-small-font-size\">Gesch\u00e4ftsf\u00fchrer, Liegenschaftsverwalter, Mitglied des Verwaltungsrats<\/p>\n<\/div>\n<\/div>\n\n\n\n<div class=\"wp-block-column is-layout-flow wp-block-column-is-layout-flow\">\n<figure class=\"wp-block-image aligncenter size-full is-resized is-style-rounded is-style-rounded--2\"><img loading=\"lazy\" decoding=\"async\" width=\"1280\" height=\"1024\" src=\"https:\/\/www.lerom.ch\/wp-content\/uploads\/2023\/11\/Kein_Foto_vorhanden-1.jpg\" alt=\"\" class=\"wp-image-660\" style=\"aspect-ratio:1;object-fit:cover;width:400px\" srcset=\"https:\/\/www.lerom.ch\/wp-content\/uploads\/2023\/11\/Kein_Foto_vorhanden-1.jpg 1280w, https:\/\/www.lerom.ch\/wp-content\/uploads\/2023\/11\/Kein_Foto_vorhanden-1-300x240.jpg 300w, https:\/\/www.lerom.ch\/wp-content\/uploads\/2023\/11\/Kein_Foto_vorhanden-1-1024x819.jpg 1024w, https:\/\/www.lerom.ch\/wp-content\/uploads\/2023\/11\/Kein_Foto_vorhanden-1-768x614.jpg 768w\" sizes=\"auto, (max-width: 1280px) 100vw, 1280px\" \/><\/figure>\n\n\n\n<div class=\"wp-block-group is-vertical is-content-justification-center is-nowrap is-layout-flex wp-container-core-group-is-layout-63bfd6c1 wp-block-group-is-layout-flex\">\n<p class=\"has-text-align-center has-small-font-size\"> <strong>Elisa Lenherr<\/strong> <\/p>\n\n\n\n<p class=\"has-text-align-center has-small-font-size\">Pr\u00e4sidentin des Verwaltungsrats, Eigent\u00fcmerin<\/p>\n<\/div>\n<\/div>\n<\/div>\n<\/div>\n","protected":false},"excerpt":{"rendered":"<p>Lernen Sie unser Team kennen Die Lerom Liegenschaften AG ist ein kleines, familiengef\u00fchrtes KMU in der Ostschweiz mit Sitz in 9327 T\u00fcbach. Dimitry Schneider Gesch\u00e4ftsf\u00fchrer, Liegenschaftsverwalter, Mitglied des Verwaltungsrats Elisa Lenherr Pr\u00e4sidentin des Verwaltungsrats, Eigent\u00fcmerin<\/p>\n","protected":false},"author":1,"featured_media":0,"parent":0,"menu_order":0,"comment_status":"closed","ping_status":"closed","template":"page-no-title","meta":{"footnotes":"","_links_to":"","_links_to_target":""},"class_list":["post-640","page","type-page","status-publish","hentry"],"_links":{"self":[{"href":"https:\/\/www.lerom.ch\/index.php\/wp-json\/wp\/v2\/pages\/640","targetHints":{"allow":["GET"]}}],"collection":[{"href":"https:\/\/www.lerom.ch\/index.php\/wp-json\/wp\/v2\/pages"}],"about":[{"href":"https:\/\/www.lerom.ch\/index.php\/wp-json\/wp\/v2\/types\/page"}],"author":[{"embeddable":true,"href":"https:\/\/www.lerom.ch\/index.php\/wp-json\/wp\/v2\/users\/1"}],"replies":[{"embeddable":true,"href":"https:\/\/www.lerom.ch\/index.php\/wp-json\/wp\/v2\/comments?post=640"}],"version-history":[{"count":2,"href":"https:\/\/www.lerom.ch\/index.php\/wp-json\/wp\/v2\/pages\/640\/revisions"}],"predecessor-version":[{"id":661,"href":"https:\/\/www.lerom.ch\/index.php\/wp-json\/wp\/v2\/pages\/640\/revisions\/661"}],"wp:attachment":[{"href":"https:\/\/www.lerom.ch\/index.php\/wp-json\/wp\/v2\/media?parent=640"}],"curies":[{"name":"wp","href":"https:\/\/api.w.org\/{rel}","templated":true}]}}

<div class="wp-block-group alignfull has-global-padding is-layout-constrained wp-container-core-group-is-layout-669513ed wp-block-group-is-layout-constrained" style="margin-top:0;margin-bottom:0;padding-top:var(--wp--preset--spacing--50);padding-right:var(--wp--preset--spacing--50);padding-bottom:var(--wp--preset--spacing--50);padding-left:var(--wp--preset--spacing--50)">
<div class="wp-block-group is-vertical is-content-justification-center is-layout-flex wp-container-core-group-is-layout-ce155fab wp-block-group-is-layout-flex">
<h2 class="wp-block-heading has-text-align-center has-xx-large-font-size">Lernen Sie unser Team kennen</h2>



<p class="has-text-align-center">Die Lerom Liegenschaften AG ist ein kleines, familiengeführtes KMU in der Ostschweiz mit Sitz in 9327 Tübach. </p>
</div>



<div style="height:var(--wp--preset--spacing--30)" aria-hidden="true" class="wp-block-spacer"></div>



<div class="wp-block-columns alignwide is-layout-flex wp-container-core-columns-is-layout-4935966c wp-block-columns-is-layout-flex" style="padding-right:0;padding-left:0">
<div class="wp-block-column is-layout-flow wp-block-column-is-layout-flow">
<figure class="wp-block-image aligncenter size-full is-resized is-style-rounded is-style-rounded--1"><img loading="lazy" decoding="async" width="761" height="900" src="https://www.lerom.ch/wp-content/uploads/2020/04/Dimitry_Schneider.jpg" alt="" class="wp-image-468" style="aspect-ratio:1;object-fit:cover;width:400px" srcset="https://www.lerom.ch/wp-content/uploads/2020/04/Dimitry_Schneider.jpg 761w, https://www.lerom.ch/wp-content/uploads/2020/04/Dimitry_Schneider-254x300.jpg 254w" sizes="auto, (max-width: 761px) 100vw, 761px" /></figure>



<div class="wp-block-group is-vertical is-content-justification-center is-nowrap is-layout-flex wp-container-core-group-is-layout-21d4e958 wp-block-group-is-layout-flex">
<p class="has-text-align-center has-small-font-size"> <strong>Dimitry Schneider</strong> </p>



<p class="has-text-align-center has-small-font-size">Geschäftsführer, Liegenschaftsverwalter, Mitglied des Verwaltungsrats</p>
</div>
</div>



<div class="wp-block-column is-layout-flow wp-block-column-is-layout-flow">
<figure class="wp-block-image aligncenter size-full is-resized is-style-rounded is-style-rounded--2"><img loading="lazy" decoding="async" width="1280" height="1024" src="https://www.lerom.ch/wp-content/uploads/2023/11/Kein_Foto_vorhanden-1.jpg" alt="" class="wp-image-660" style="aspect-ratio:1;object-fit:cover;width:400px" srcset="https://www.lerom.ch/wp-content/uploads/2023/11/Kein_Foto_vorhanden-1.jpg 1280w, https://www.lerom.ch/wp-content/uploads/2023/11/Kein_Foto_vorhanden-1-300x240.jpg 300w, https://www.lerom.ch/wp-content/uploads/2023/11/Kein_Foto_vorhanden-1-1024x819.jpg 1024w, https://www.lerom.ch/wp-content/uploads/2023/11/Kein_Foto_vorhanden-1-768x614.jpg 768w" sizes="auto, (max-width: 1280px) 100vw, 1280px" /></figure>



<div class="wp-block-group is-vertical is-content-justification-center is-nowrap is-layout-flex wp-container-core-group-is-layout-63bfd6c1 wp-block-group-is-layout-flex">
<p class="has-text-align-center has-small-font-size"> <strong>Elisa Lenherr</strong> </p>



<p class="has-text-align-center has-small-font-size">Präsidentin des Verwaltungsrats, Eigentümerin</p>
</div>
</div>
</div>
</div>

<p>Lernen Sie unser Team kennen Die Lerom Liegenschaften AG ist ein kleines, familiengeführtes KMU in der Ostschweiz mit Sitz in 9327 Tübach. Dimitry Schneider Geschäftsführer, Liegenschaftsverwalter, Mitglied des Verwaltungsrats Elisa Lenherr Präsidentin des Verwaltungsrats, Eigentümerin</p>
